t are the prime factors of (-9)/((-126)/4) - p/(-7)?
73
Let v = 39 - 35. Suppose -5*y = -v*a - 2531, -5*a + 0 = -5. Suppose -5*g - 2*u + 64 = -y, 3*g = 2*u + 333. List the prime factors of g.
113
Let q = -73 + 76. Suppose 9 + 6 = q*a. Suppose a = -4*f + 25, -4*v = f - 477. What are the prime factors of v?
2, 59
Suppose 57*c - 52362 = -4*c + 119780. What are the prime factors of c?
2, 17, 83
Let b(y) = y**2 - 10*y - 17. Let h be b(13). Let d be h - (4 - 4) - -3. Let j = 28 - d. List the prime factors of j.
3
Suppose 0 = 14*y - 12*y - 4. Suppose 154 + 78 = y*h. What are the prime factors of h?
2, 29
Let n = 6521 + -6448. List the prime factors of n.
73
Let a(y) = 4*y + 26. Let w be (-1 - 10/(-12)) + (-35)/6. Let t be a(w). List the prime factors of (88/12*39)/t.
11, 13
Let r = 29 + -32. Let a be 91/(-4) - r/(-12). Let s = 74 + a. What are the prime factors of s?
3, 17
Suppose 49 = -d + 49. Let b be 1 - (2 + d + 12/(-2)). What are the prime factors of 3/60*b + (-1094)/(-8)?
137
Let r = 55 + -57. What are the prime factors of (2*1443/r)/(-1)?
3, 13, 37
Suppose -5416 - 33951 - 37841 = -8*i. What are the prime factors of i?
3, 3217
Let t = 1934 + 1107. What are the prime factors of t?
3041
Let t = 144 + -144. Suppose 3*u - 1060 = -t*u + d, -2*d = -2*u + 708. List the prime factors of u.
353
Let w(y) = y**3 + 10*y**2 - 14*y - 34. Let j = 105 + -115. List the prime factors of w(j).
2, 53
Let p(l) = l**3 + 11*l**2 - 13*l + 28. Let f = 30 - 41. What are the prime factors of p(f)?
3, 19
Let j(s) = -5*s**3 + s**2 + 1. Let w be j(2). Let y = 34 + w. Let a(v) = -132*v + 5. List the prime factors of a(y).
137
Let y(o) = -o**3 + 137*o**2 - 163*o - 602. What are the prime factors of y(134)?
2, 491
Let f be (7 - -1)*(-3 + -1)*-8. Suppose -12*x + 2656 - f = 0. What are the prime factors of x?
2, 5
Let v = -243 - -260. Suppose -16310 = -v*f - 18*f. What are the prime factors of f?
2, 233
Let w(u) = -19*u**3 + 12*u**2 - 6*u - 46. What are the prime factors of w(-7)?
3, 263
Suppose 39*f + 94732 = 47*f - 23660. What are the prime factors of f?
3, 4933
Let j = 448 - 235. Suppose 2*c - v + j = 1008, 3*v = 3*c - 1197. List the prime factors of c.
2, 3, 11
Suppose -23*y + 194686 - 8593 = 0. Suppose -24393 = -33*b - y. What are the prime factors of b?
2, 13, 19
Suppose 5*y - 13453 = -3*z - 2891, 7042 = 2*z + 3*y. What are the prime factors of (z/14)/(14/49)?
881
Let o be (88/(-6))/(11/33). Let w = o + 53. List the prime factors of 3/w + 7/(42/160).
3
Let g = -4305 + 6438. Let j = -428 + g. What are the prime factors of j?
5, 11, 31
Suppose -2*l - d - 68 = 0, 62 = -4*l - 5*d - 80. Let i(f) = -30*f - 98. List the prime factors of i(l).
2, 223
Let j(c) = 159*c + 3140. What are the prime factors of j(31)?
8069
Suppose 2*c - 84578 = -4*a, 2*a + 13350 = c - 28927. What are the prime factors of c?
42283
Let n = -14179 - -25776. List the prime factors of n.
11597
Suppose -13*z + 4*z = 36. Let u be 0 - 0 - 4/(z/81). What are the prime factors of u/6 - (-6)/4?
3, 5
Let r(a) = -9*a + 78. Let p be r(8). Suppose -21*n + 14688 = p*n. What are the prime factors of n?
2, 17
Let p = -204 + 104. Let q = -165 - p. Let y = q + 74. What are the prime factors of y?
3
Let f(c) = 36*c**2 - 11*c - 47. Suppose 5*x + 20 = -5*k, -4*x + 0*x + 26 = -2*k. List the prime factors of f(k).
2, 3, 13, 23
Let s(f) = 35*f**2 - 128*f - 84. List the prime factors of s(-38).
2, 3, 5, 461
Suppose -60*j - 142194 - 318516 = -150*j. What are the prime factors of j?
5119
Let d(b) = -b**3 - 10*b**2 - 12*b - 23. Let h be d(-9). Suppose -h*q + 3*r + 0*r = -1295, 1613 = 5*q + 2*r. Suppose -5*y = -q + 33. List the prime factors of y.
2, 29
Suppose -26 = -2*b - 2*f, 2*b - f = -b + 43. Let i be b/(-2 - 0)*(-540)/126. What are the prime factors of i/(-54)*-6*90/4?
3, 5
Suppose -2*w - 2*r + 10 = 0, 2*w = w + 5*r - 7. Let n be (-6 + (-45)/(-10))*-2. Suppose 5*p - w*a = 292, n*p - a - 176 = a. What are the prime factors of p?
2, 7
Let b be (-84)/(-8)*-6*7/63. List the prime factors of (b/14)/((-3)/6) + 1700.
3, 7
Let o(d) = 550*d + 25. Let g = -331 - -333. What are the prime factors of o(g)?
3, 5
Suppose -3*i + 13 - 1 = 0. Suppose 2*n - 4*k - 1592 = -2*n, i*n + 3*k = 1578. What are the prime factors of n?
2, 3, 11
Let d = 54798 - 25256. What are the prime factors of d?
2, 14771
Suppose 0 = -4*u + 4, 4*u = -2*s + 3*u - 85. Let o = 584 + s. What are the prime factors of o?
541
Let w(p) = -210*p**3 - 3*p**2 + 113*p + 581. List the prime factors of w(-6).
5, 11, 821
Suppose 3 = k - 0*k. Suppose -2*q = 4*x - 848, 3*q - 4*q = -k*x + 641. Suppose 5*z + 63 - x = 0. List the prime factors of z.
2, 3, 5
Suppose -u = -136 + 119. Let d(m) = -m**3 + 19*m**2 - 17*m - 30. List the prime factors of d(u).
7, 37
Let h(p) = -40*p**3 + 4*p**2 - 5. Let n = 277 + -280. What are the prime factors of h(n)?
11, 101
Let u(s) = 17*s**3 - 19*s**2 - 10*s + 10. What are the prime factors of u(6)?
2, 13, 113
What are the prime factors of (0 + 21*12073)*((-1088)/224)/(-17)?
2, 3, 12073
Let t(l) = 14*l**3 + 3*l**2 + 5*l + 10. List the prime factors of t(4).
2, 487
List the prime factors of 10 + 232309/33 + (-1)/(-3).
2, 3, 5, 47
Let h be ((-30)/4)/((-100)/40). Suppose 0*j - 8 = -2*j. Suppose j*b + 172 = 4*m, -m + 0*m = -h*b - 33. List the prime factors of m.
2, 3
Let q(s) = 287*s**3 - 2*s**2 + s. Let j(v) = -v**2 - 5*v + 25. Let u be j(-8). List the prime factors of q(u).
2, 11, 13
Let r(b) = 65*b**2 + 14*b - 25. Let i be r(10). Suppose -9*k = -2*k - i. Suppose -4*o + 83 + k = 0. What are the prime factors of o?
257
Let u(n) = n**2 + 4. Suppose 0 = v + d - 2, 0 = -d - 2. Let z be u(v). Let y(j) = -j**2 + 23*j - 22. List the prime factors of y(z).
2, 19
Suppose 1504*v + 135864 = 1513*v. List the prime factors of v.
2, 3, 17, 37
Suppose 2*j = -5*n + 74967, -2*n - 38*j = -35*j - 29978. List the prime factors of n.
5, 2999
Let u = 31212 + -12772. List the prime factors of u.
2, 5, 461
Let c = -2613 - -57517. What are the prime factors of c?
2, 6863
Suppose 2*l = -l + 255. Suppose 30 = -o + l. Suppose 5*k = -5*f + o, f + 2*k - 5*k = 7. List the prime factors of f.
2, 5
Suppose 142*n + 1159 = 171*n - 14878. List the prime factors of n.
7, 79
Suppose 3*y - 4*l - 17609 = 0, 5*y = 11*y - 4*l - 35234. List the prime factors of y.
5, 47
Let z = -2341 + 4507. List the prime factors of z.
2, 3, 19
Let t(h) = 4*h**2 + 62*h + 1388. List the prime factors of t(-45).
2, 17, 197
Let h(n) = 152*n - 59*n + 27 - 72*n. What are the prime factors of h(4)?
3, 37
Suppose -91 = -15*p - 16. Suppose 5*u + 2*o - 4913 = -o, 5*u = p*o + 4905. List the prime factors of u.
2, 491
Suppose 4*a - 69 = -0*a - q, 0 = -3*a - 4*q + 68. Suppose -a*y = -14*y - 1146. Suppose 2*u = -u + y. List the prime factors of u.
191
Suppose 5*f - 5*i - 24181 - 155159 = 0, -2*i - 10 = 0. List the prime factors of f.
35863
Let q = 44 - 44. Suppose 5*f - 5 - 145 = q. What are the prime factors of (f/(-25))/(3/(-165))?
2, 3, 11
Suppose -6 = -3*f + 5*q + 54, 2*q - 6 = 0. Let x be (-3)/(-30)*28*(-50)/20. Let a = f + x. List the prime factors of a.
2, 3
Let r = -21767 + 100415. What are the prime factors of r/145 - (-3)/5?
3, 181
Let b(m) be the first derivative of 219*m**2/2 - 122*m + 54. List the prime factors of b(8).
2, 5, 163
Suppose 310822 + 1009760 = 335*y + 144397. What are the prime factors of y?
3511
Suppose 4*l + 2*j = 20, 0 = 4*l - 5*j - 14 - 34. Let s be 8036/l*(-3)/(-6). Suppose 0 = 8*g - 74 - s. List the prime factors of g.
3
List the prime factors of 6/(-4)*1362/(-9)*43.
43, 227
Suppose 0 = 30*g - 19*g - 6237. What are the prime factors of g?
3, 7
Let a = 59 + -44. Suppose -12 = 4*w, 11*w - a*w = 4*p - 308. List the prime factors of p.
2, 5
Let u(a) = 34*a**2 + 195. What are the prime factors of u(-12)?
3, 1697
Suppose 2791 + 2819 = 6*d. Suppose 5*x - d = -6*x. List the prime factors of x.
5, 17
Let q(p) = p**3 + 5*p**2 - 8*p - 8. Let s be q(-6). Suppose g + 3*n - 75 = 0, 316 = s*g + 4*n - 0*n. List the prime factors of g.
3
Let g = 23376 + 4180. List the prime factors of g.
2, 83
Let a(w) = 225*w + 11. Let q be a(1). Let u = q - -26. What are the prime factors of u?
2, 131
Let m be 88/14 - (-36)/(-126). Suppose -m*l + 48 = -9*l. What are the prime factors of l/(-12)*279/6?
2, 31
Let t(i) = -494*i -